{"id":42,"date":"2020-03-27T16:40:19","date_gmt":"2020-03-27T16:40:19","guid":{"rendered":"https:\/\/tradenauta.com\/hotelaeroporto\/?page_id=42"},"modified":"2020-07-27T12:59:19","modified_gmt":"2020-07-27T11:59:19","slug":"quartos","status":"publish","type":"page","link":"https:\/\/tradenauta.com\/hotelaeroporto\/quartos\/","title":{"rendered":"Quartos"},"content":{"rendered":"<p>O quartos disp\u00f5em de:<\/p>\n<ul>\n<li>Ar condicionado<\/li>\n<li>Confort\u00e1veis colch\u00f5es ortop\u00e9dicos<\/li>\n<li>Almofadas de qualidade<\/li>\n<li>Mesas de cabeceira<\/li>\n<li>Roupeiro<\/li>\n<li>Espelho<\/li>\n<li>Televis\u00e3o LCD com servi\u00e7o de TV cabo<\/li>\n<li>Mesa de trabalho<\/li>\n<li>Telefone<\/li>\n<li>Liga\u00e7\u00e3o Internet Wifi (servi\u00e7o gratuito)<\/li>\n<li>Casa de banho privativa com artigos de higiene pessoal<\/li>\n<\/ul>\n\t                <ul class=\"easy-image-gallery thumbnails-6 linked\">\r\n                    <li><a rel=\"prettyPhoto[group-567]\" href=\"https:\/\/tradenauta.com\/hotelaeroporto\/wp-content\/uploads\/quarto-casal-1024x694.jpg\" class=\"eig-popup\" title=\"\" data-caption=\"\" target=\"_blank\"><i class=\"icon-view\"><\/i><span class=\"overlay\"><\/span><img width=\"150\" height=\"150\" src=\"https:\/\/tradenauta.com\/hotelaeroporto\/wp-content\/uploads\/quarto-casal-150x150.jpg\" class=\"attachment-thumbnail size-thumbnail\" alt=\"\" loading=\"lazy\" \/><\/a><\/li><li><a rel=\"prettyPhoto[group-567]\" href=\"https:\/\/tradenauta.com\/hotelaeroporto\/wp-content\/uploads\/quarto-casal-2-1-1024x694.jpg\" class=\"eig-popup\" title=\"\" data-caption=\"\" target=\"_blank\"><i class=\"icon-view\"><\/i><span class=\"overlay\"><\/span><img width=\"150\" height=\"150\" src=\"https:\/\/tradenauta.com\/hotelaeroporto\/wp-content\/uploads\/quarto-casal-2-1-150x150.jpg\" class=\"attachment-thumbnail size-thumbnail\" alt=\"\" loading=\"lazy\" \/><\/a><\/li><li><a rel=\"prettyPhoto[group-567]\" href=\"https:\/\/tradenauta.com\/hotelaeroporto\/wp-content\/uploads\/quarto-espelho-wc-1024x694.jpg\" class=\"eig-popup\" title=\"\" data-caption=\"\" target=\"_blank\"><i class=\"icon-view\"><\/i><span class=\"overlay\"><\/span><img width=\"150\" height=\"150\" src=\"https:\/\/tradenauta.com\/hotelaeroporto\/wp-content\/uploads\/quarto-espelho-wc-150x150.jpg\" class=\"attachment-thumbnail size-thumbnail\" alt=\"\" loading=\"lazy\" \/><\/a><\/li><li><a rel=\"prettyPhoto[group-567]\" href=\"https:\/\/tradenauta.com\/hotelaeroporto\/wp-content\/uploads\/quarto-quadruplo-1024x694.jpg\" class=\"eig-popup\" title=\"\" data-caption=\"\" target=\"_blank\"><i class=\"icon-view\"><\/i><span class=\"overlay\"><\/span><img width=\"150\" height=\"150\" src=\"https:\/\/tradenauta.com\/hotelaeroporto\/wp-content\/uploads\/quarto-quadruplo-150x150.jpg\" class=\"attachment-thumbnail size-thumbnail\" alt=\"\" loading=\"lazy\" \/><\/a><\/li><li><a rel=\"prettyPhoto[group-567]\" href=\"https:\/\/tradenauta.com\/hotelaeroporto\/wp-content\/uploads\/quarto-secretaria-aramario-janelas-1024x694.jpg\" class=\"eig-popup\" title=\"\" data-caption=\"\" target=\"_blank\"><i class=\"icon-view\"><\/i><span class=\"overlay\"><\/span><img width=\"150\" height=\"150\" src=\"https:\/\/tradenauta.com\/hotelaeroporto\/wp-content\/uploads\/quarto-secretaria-aramario-janelas-150x150.jpg\" class=\"attachment-thumbnail size-thumbnail\" alt=\"\" loading=\"lazy\" \/><\/a><\/li><li><a rel=\"prettyPhoto[group-567]\" href=\"https:\/\/tradenauta.com\/hotelaeroporto\/wp-content\/uploads\/quarto-triplo-1024x694.jpg\" class=\"eig-popup\" title=\"\" data-caption=\"\" target=\"_blank\"><i class=\"icon-view\"><\/i><span class=\"overlay\"><\/span><img width=\"150\" height=\"150\" src=\"https:\/\/tradenauta.com\/hotelaeroporto\/wp-content\/uploads\/quarto-triplo-150x150.jpg\" class=\"attachment-thumbnail size-thumbnail\" alt=\"\" loading=\"lazy\" \/><\/a><\/li><\/ul>\n","protected":false},"excerpt":{"rendered":"<p>O quartos disp\u00f5em de: Ar condicionado Confort\u00e1veis colch\u00f5es ortop\u00e9dicos Almofadas de qualidade Mesas de cabeceira Roupeiro Espelho Televis\u00e3o LCD com servi\u00e7o de TV cabo Mesa de trabalho Telefone Liga\u00e7\u00e3o Internet Wifi (servi\u00e7o gratuito) Casa de banho privativa com artigos de higiene pessoal<\/p>\n","protected":false},"author":1,"featured_media":109,"parent":0,"menu_order":0,"comment_status":"closed","ping_status":"closed","template":"","meta":[],"_links":{"self":[{"href":"https:\/\/tradenauta.com\/hotelaeroporto\/wp-json\/wp\/v2\/pages\/42"}],"collection":[{"href":"https:\/\/tradenauta.com\/hotelaeroporto\/wp-json\/wp\/v2\/pages"}],"about":[{"href":"https:\/\/tradenauta.com\/hotelaeroporto\/wp-json\/wp\/v2\/types\/page"}],"author":[{"embeddable":true,"href":"https:\/\/tradenauta.com\/hotelaeroporto\/wp-json\/wp\/v2\/users\/1"}],"replies":[{"embeddable":true,"href":"https:\/\/tradenauta.com\/hotelaeroporto\/wp-json\/wp\/v2\/comments?post=42"}],"version-history":[{"count":5,"href":"https:\/\/tradenauta.com\/hotelaeroporto\/wp-json\/wp\/v2\/pages\/42\/revisions"}],"predecessor-version":[{"id":181,"href":"https:\/\/tradenauta.com\/hotelaeroporto\/wp-json\/wp\/v2\/pages\/42\/revisions\/181"}],"wp:featuredmedia":[{"embeddable":true,"href":"https:\/\/tradenauta.com\/hotelaeroporto\/wp-json\/wp\/v2\/media\/109"}],"wp:attachment":[{"href":"https:\/\/tradenauta.com\/hotelaeroporto\/wp-json\/wp\/v2\/media?parent=42"}],"curies":[{"name":"wp","href":"https:\/\/api.w.org\/{rel}","templated":true}]}}