{"id":58,"date":"2020-05-17T13:31:51","date_gmt":"2020-05-17T12:31:51","guid":{"rendered":"https:\/\/tradenauta.com\/hotelaeroporto\/?page_id=58"},"modified":"2020-08-04T13:31:47","modified_gmt":"2020-08-04T12:31:47","slug":"galeria","status":"publish","type":"page","link":"https:\/\/tradenauta.com\/hotelaeroporto\/galeria\/","title":{"rendered":"Galeria"},"content":{"rendered":"<p style=\"text-align: center;\">Estas s\u00e3o Imagens das instala\u00e7\u00f5es do Hotel Aeroporto e de locais Tur\u00edsticos, a visitar, na cidade do Porto.<\/p>\n<h4 style=\"text-align: center;\">Imagens do Hotel Aeroporto<\/h4>\n<p style=\"text-align: center;\">\t                <ul class=\"easy-image-gallery thumbnails-29 linked\">\r\n                    <li><a rel=\"prettyPhoto[group-831]\" href=\"https:\/\/tradenauta.com\/hotelaeroporto\/wp-content\/uploads\/hotel_fachada_flores-1-1024x466.jpg\" class=\"eig-popup\" title=\"\" data-caption=\"\" target=\"_blank\"><i class=\"icon-view\"><\/i><span class=\"overlay\"><\/span><img width=\"150\" height=\"150\" src=\"https:\/\/tradenauta.com\/hotelaeroporto\/wp-content\/uploads\/hotel_fachada_flores-1-150x150.jpg\" class=\"attachment-thumbnail size-thumbnail\" alt=\"\" loading=\"lazy\" \/><\/a><\/li><li><a rel=\"prettyPhoto[group-831]\" href=\"https:\/\/tradenauta.com\/hotelaeroporto\/wp-content\/uploads\/DSC_2361-1024x617.jpg\" class=\"eig-popup\" title=\"\" data-caption=\"\" target=\"_blank\"><i class=\"icon-view\"><\/i><span class=\"overlay\"><\/span><img width=\"150\" height=\"150\" src=\"https:\/\/tradenauta.com\/hotelaeroporto\/wp-content\/uploads\/DSC_2361-150x150.jpg\" class=\"attachment-thumbnail size-thumbnail\" alt=\"\" loading=\"lazy\" \/><\/a><\/li><li><a rel=\"prettyPhoto[group-831]\" href=\"https:\/\/tradenauta.com\/hotelaeroporto\/wp-content\/uploads\/DSC_2313-1024x683.jpg\" class=\"eig-popup\" title=\"\" data-caption=\"\" target=\"_blank\"><i class=\"icon-view\"><\/i><span class=\"overlay\"><\/span><img width=\"150\" height=\"150\" src=\"https:\/\/tradenauta.com\/hotelaeroporto\/wp-content\/uploads\/DSC_2313-150x150.jpg\" class=\"attachment-thumbnail size-thumbnail\" alt=\"\" loading=\"lazy\" \/><\/a><\/li><li><a rel=\"prettyPhoto[group-831]\" href=\"https:\/\/tradenauta.com\/hotelaeroporto\/wp-content\/uploads\/DSC_3789-1024x674.jpg\" class=\"eig-popup\" title=\"\" data-caption=\"\" target=\"_blank\"><i class=\"icon-view\"><\/i><span class=\"overlay\"><\/span><img width=\"150\" height=\"150\" src=\"https:\/\/tradenauta.com\/hotelaeroporto\/wp-content\/uploads\/DSC_3789-150x150.jpg\" class=\"attachment-thumbnail size-thumbnail\" alt=\"\" loading=\"lazy\" \/><\/a><\/li><li><a rel=\"prettyPhoto[group-831]\" href=\"https:\/\/tradenauta.com\/hotelaeroporto\/wp-content\/uploads\/rampa-handicaped.jpg\" class=\"eig-popup\" title=\"\" data-caption=\"\" target=\"_blank\"><i class=\"icon-view\"><\/i><span class=\"overlay\"><\/span><img width=\"150\" height=\"150\" src=\"https:\/\/tradenauta.com\/hotelaeroporto\/wp-content\/uploads\/rampa-handicaped-150x150.jpg\" class=\"attachment-thumbnail size-thumbnail\" alt=\"\" loading=\"lazy\" \/><\/a><\/li><li><a rel=\"prettyPhoto[group-831]\" href=\"https:\/\/tradenauta.com\/hotelaeroporto\/wp-content\/uploads\/DSC_2350-1024x683.jpg\" class=\"eig-popup\" title=\"\" data-caption=\"\" target=\"_blank\"><i class=\"icon-view\"><\/i><span class=\"overlay\"><\/span><img width=\"150\" height=\"150\" src=\"https:\/\/tradenauta.com\/hotelaeroporto\/wp-content\/uploads\/DSC_2350-150x150.jpg\" class=\"attachment-thumbnail size-thumbnail\" alt=\"\" loading=\"lazy\" \/><\/a><\/li><li><a rel=\"prettyPhoto[group-831]\" href=\"https:\/\/tradenauta.com\/hotelaeroporto\/wp-content\/uploads\/DSC_2305-1024x683.jpg\" class=\"eig-popup\" title=\"\" data-caption=\"\" target=\"_blank\"><i class=\"icon-view\"><\/i><span class=\"overlay\"><\/span><img width=\"150\" height=\"150\" src=\"https:\/\/tradenauta.com\/hotelaeroporto\/wp-content\/uploads\/DSC_2305-150x150.jpg\" class=\"attachment-thumbnail size-thumbnail\" alt=\"\" loading=\"lazy\" \/><\/a><\/li><li><a rel=\"prettyPhoto[group-831]\" href=\"https:\/\/tradenauta.com\/hotelaeroporto\/wp-content\/uploads\/elevator-handicaped.jpg\" class=\"eig-popup\" title=\"\" data-caption=\"\" target=\"_blank\"><i class=\"icon-view\"><\/i><span class=\"overlay\"><\/span><img width=\"150\" height=\"150\" src=\"https:\/\/tradenauta.com\/hotelaeroporto\/wp-content\/uploads\/elevator-handicaped-150x150.jpg\" class=\"attachment-thumbnail size-thumbnail\" alt=\"\" loading=\"lazy\" \/><\/a><\/li><li><a rel=\"prettyPhoto[group-831]\" href=\"https:\/\/tradenauta.com\/hotelaeroporto\/wp-content\/uploads\/IMG_0811.jpg\" class=\"eig-popup\" title=\"\" data-caption=\"\" target=\"_blank\"><i class=\"icon-view\"><\/i><span class=\"overlay\"><\/span><img width=\"150\" height=\"150\" src=\"https:\/\/tradenauta.com\/hotelaeroporto\/wp-content\/uploads\/IMG_0811-150x150.jpg\" class=\"attachment-thumbnail size-thumbnail\" alt=\"\" loading=\"lazy\" \/><\/a><\/li><li><a rel=\"prettyPhoto[group-831]\" href=\"https:\/\/tradenauta.com\/hotelaeroporto\/wp-content\/uploads\/DSC_2335-1024x683.jpg\" class=\"eig-popup\" title=\"\" data-caption=\"\" target=\"_blank\"><i class=\"icon-view\"><\/i><span class=\"overlay\"><\/span><img width=\"150\" height=\"150\" src=\"https:\/\/tradenauta.com\/hotelaeroporto\/wp-content\/uploads\/DSC_2335-150x150.jpg\" class=\"attachment-thumbnail size-thumbnail\" alt=\"\" loading=\"lazy\" \/><\/a><\/li><li><a rel=\"prettyPhoto[group-831]\" href=\"https:\/\/tradenauta.com\/hotelaeroporto\/wp-content\/uploads\/DSC_2351-1024x902.jpg\" class=\"eig-popup\" title=\"\" data-caption=\"\" target=\"_blank\"><i class=\"icon-view\"><\/i><span class=\"overlay\"><\/span><img width=\"150\" height=\"150\" src=\"https:\/\/tradenauta.com\/hotelaeroporto\/wp-content\/uploads\/DSC_2351-150x150.jpg\" class=\"attachment-thumbnail size-thumbnail\" alt=\"\" loading=\"lazy\" \/><\/a><\/li><li><a rel=\"prettyPhoto[group-831]\" href=\"https:\/\/tradenauta.com\/hotelaeroporto\/wp-content\/uploads\/quarto-casal-3-1024x694.jpg\" class=\"eig-popup\" title=\"\" data-caption=\"\" target=\"_blank\"><i class=\"icon-view\"><\/i><span class=\"overlay\"><\/span><img width=\"150\" height=\"150\" src=\"https:\/\/tradenauta.com\/hotelaeroporto\/wp-content\/uploads\/quarto-casal-3-150x150.jpg\" class=\"attachment-thumbnail size-thumbnail\" alt=\"\" loading=\"lazy\" \/><\/a><\/li><li><a rel=\"prettyPhoto[group-831]\" href=\"https:\/\/tradenauta.com\/hotelaeroporto\/wp-content\/uploads\/DSC_2337-967x1024.jpg\" class=\"eig-popup\" title=\"\" data-caption=\"\" target=\"_blank\"><i class=\"icon-view\"><\/i><span class=\"overlay\"><\/span><img width=\"150\" height=\"150\" src=\"https:\/\/tradenauta.com\/hotelaeroporto\/wp-content\/uploads\/DSC_2337-150x150.jpg\" class=\"attachment-thumbnail size-thumbnail\" alt=\"\" loading=\"lazy\" \/><\/a><\/li><li><a rel=\"prettyPhoto[group-831]\" href=\"https:\/\/tradenauta.com\/hotelaeroporto\/wp-content\/uploads\/quarto-quadruplo-1024x694.jpg\" class=\"eig-popup\" title=\"\" data-caption=\"\" target=\"_blank\"><i class=\"icon-view\"><\/i><span class=\"overlay\"><\/span><img width=\"150\" height=\"150\" src=\"https:\/\/tradenauta.com\/hotelaeroporto\/wp-content\/uploads\/quarto-quadruplo-150x150.jpg\" class=\"attachment-thumbnail size-thumbnail\" alt=\"\" loading=\"lazy\" \/><\/a><\/li><li><a rel=\"prettyPhoto[group-831]\" href=\"https:\/\/tradenauta.com\/hotelaeroporto\/wp-content\/uploads\/quarto-individual-twin-1024x694.jpg\" class=\"eig-popup\" title=\"\" data-caption=\"\" target=\"_blank\"><i class=\"icon-view\"><\/i><span class=\"overlay\"><\/span><img width=\"150\" height=\"150\" src=\"https:\/\/tradenauta.com\/hotelaeroporto\/wp-content\/uploads\/quarto-individual-twin-150x150.jpg\" class=\"attachment-thumbnail size-thumbnail\" alt=\"\" loading=\"lazy\" \/><\/a><\/li><li><a rel=\"prettyPhoto[group-831]\" href=\"https:\/\/tradenauta.com\/hotelaeroporto\/wp-content\/uploads\/DSC_2389-1024x683.jpg\" class=\"eig-popup\" title=\"\" data-caption=\"\" target=\"_blank\"><i class=\"icon-view\"><\/i><span class=\"overlay\"><\/span><img width=\"150\" height=\"150\" src=\"https:\/\/tradenauta.com\/hotelaeroporto\/wp-content\/uploads\/DSC_2389-150x150.jpg\" class=\"attachment-thumbnail size-thumbnail\" alt=\"\" loading=\"lazy\" \/><\/a><\/li><li><a rel=\"prettyPhoto[group-831]\" href=\"https:\/\/tradenauta.com\/hotelaeroporto\/wp-content\/uploads\/DSC_2387-1024x638.jpg\" class=\"eig-popup\" title=\"\" data-caption=\"\" target=\"_blank\"><i class=\"icon-view\"><\/i><span class=\"overlay\"><\/span><img width=\"150\" height=\"150\" src=\"https:\/\/tradenauta.com\/hotelaeroporto\/wp-content\/uploads\/DSC_2387-150x150.jpg\" class=\"attachment-thumbnail size-thumbnail\" alt=\"\" loading=\"lazy\" \/><\/a><\/li><li><a rel=\"prettyPhoto[group-831]\" href=\"https:\/\/tradenauta.com\/hotelaeroporto\/wp-content\/uploads\/quarto-casal-2-4-1024x694.jpg\" class=\"eig-popup\" title=\"\" data-caption=\"\" target=\"_blank\"><i class=\"icon-view\"><\/i><span class=\"overlay\"><\/span><img width=\"150\" height=\"150\" src=\"https:\/\/tradenauta.com\/hotelaeroporto\/wp-content\/uploads\/quarto-casal-2-4-150x150.jpg\" class=\"attachment-thumbnail size-thumbnail\" alt=\"\" loading=\"lazy\" \/><\/a><\/li><li><a rel=\"prettyPhoto[group-831]\" href=\"https:\/\/tradenauta.com\/hotelaeroporto\/wp-content\/uploads\/quarto-espelho-wc-1024x694.jpg\" class=\"eig-popup\" title=\"\" data-caption=\"\" target=\"_blank\"><i class=\"icon-view\"><\/i><span class=\"overlay\"><\/span><img width=\"150\" height=\"150\" src=\"https:\/\/tradenauta.com\/hotelaeroporto\/wp-content\/uploads\/quarto-espelho-wc-150x150.jpg\" class=\"attachment-thumbnail size-thumbnail\" alt=\"\" loading=\"lazy\" \/><\/a><\/li><li><a rel=\"prettyPhoto[group-831]\" href=\"https:\/\/tradenauta.com\/hotelaeroporto\/wp-content\/uploads\/DSC_2342.jpg\" class=\"eig-popup\" title=\"\" data-caption=\"\" target=\"_blank\"><i class=\"icon-view\"><\/i><span class=\"overlay\"><\/span><img width=\"150\" height=\"150\" src=\"https:\/\/tradenauta.com\/hotelaeroporto\/wp-content\/uploads\/DSC_2342-150x150.jpg\" class=\"attachment-thumbnail size-thumbnail\" alt=\"\" loading=\"lazy\" \/><\/a><\/li><li><a rel=\"prettyPhoto[group-831]\" href=\"https:\/\/tradenauta.com\/hotelaeroporto\/wp-content\/uploads\/DSC_2330-684x1024.jpg\" class=\"eig-popup\" title=\"\" data-caption=\"\" target=\"_blank\"><i class=\"icon-view\"><\/i><span class=\"overlay\"><\/span><img width=\"150\" height=\"150\" src=\"https:\/\/tradenauta.com\/hotelaeroporto\/wp-content\/uploads\/DSC_2330-150x150.jpg\" class=\"attachment-thumbnail size-thumbnail\" alt=\"\" loading=\"lazy\" \/><\/a><\/li><li><a rel=\"prettyPhoto[group-831]\" href=\"https:\/\/tradenauta.com\/hotelaeroporto\/wp-content\/uploads\/DSC_2348-1024x683.jpg\" class=\"eig-popup\" title=\"\" data-caption=\"\" target=\"_blank\"><i class=\"icon-view\"><\/i><span class=\"overlay\"><\/span><img width=\"150\" height=\"150\" src=\"https:\/\/tradenauta.com\/hotelaeroporto\/wp-content\/uploads\/DSC_2348-150x150.jpg\" class=\"attachment-thumbnail size-thumbnail\" alt=\"\" loading=\"lazy\" \/><\/a><\/li><li><a rel=\"prettyPhoto[group-831]\" href=\"https:\/\/tradenauta.com\/hotelaeroporto\/wp-content\/uploads\/DSC_2309-1024x683.jpg\" class=\"eig-popup\" title=\"\" data-caption=\"\" target=\"_blank\"><i class=\"icon-view\"><\/i><span class=\"overlay\"><\/span><img width=\"150\" height=\"150\" src=\"https:\/\/tradenauta.com\/hotelaeroporto\/wp-content\/uploads\/DSC_2309-150x150.jpg\" class=\"attachment-thumbnail size-thumbnail\" alt=\"\" loading=\"lazy\" \/><\/a><\/li><li><a rel=\"prettyPhoto[group-831]\" href=\"https:\/\/tradenauta.com\/hotelaeroporto\/wp-content\/uploads\/pequeno-almoco-3-1024x480.jpg\" class=\"eig-popup\" title=\"\" data-caption=\"\" target=\"_blank\"><i class=\"icon-view\"><\/i><span class=\"overlay\"><\/span><img width=\"150\" height=\"150\" src=\"https:\/\/tradenauta.com\/hotelaeroporto\/wp-content\/uploads\/pequeno-almoco-3-150x150.jpg\" class=\"attachment-thumbnail size-thumbnail\" alt=\"\" loading=\"lazy\" \/><\/a><\/li><li><a rel=\"prettyPhoto[group-831]\" href=\"https:\/\/tradenauta.com\/hotelaeroporto\/wp-content\/uploads\/DSC_2311-1024x683.jpg\" class=\"eig-popup\" title=\"\" data-caption=\"\" target=\"_blank\"><i class=\"icon-view\"><\/i><span class=\"overlay\"><\/span><img width=\"150\" height=\"150\" src=\"https:\/\/tradenauta.com\/hotelaeroporto\/wp-content\/uploads\/DSC_2311-150x150.jpg\" class=\"attachment-thumbnail size-thumbnail\" alt=\"\" loading=\"lazy\" \/><\/a><\/li><li><a rel=\"prettyPhoto[group-831]\" href=\"https:\/\/tradenauta.com\/hotelaeroporto\/wp-content\/uploads\/IMG_0178-1024x768.jpg\" class=\"eig-popup\" title=\"\" data-caption=\"\" target=\"_blank\"><i class=\"icon-view\"><\/i><span class=\"overlay\"><\/span><img width=\"150\" height=\"150\" src=\"https:\/\/tradenauta.com\/hotelaeroporto\/wp-content\/uploads\/IMG_0178-150x150.jpg\" class=\"attachment-thumbnail size-thumbnail\" alt=\"\" loading=\"lazy\" \/><\/a><\/li><li><a rel=\"prettyPhoto[group-831]\" href=\"https:\/\/tradenauta.com\/hotelaeroporto\/wp-content\/uploads\/DSC_2390-1024x683.jpg\" class=\"eig-popup\" title=\"\" data-caption=\"\" target=\"_blank\"><i class=\"icon-view\"><\/i><span class=\"overlay\"><\/span><img width=\"150\" height=\"150\" src=\"https:\/\/tradenauta.com\/hotelaeroporto\/wp-content\/uploads\/DSC_2390-150x150.jpg\" class=\"attachment-thumbnail size-thumbnail\" alt=\"\" loading=\"lazy\" \/><\/a><\/li><li><a rel=\"prettyPhoto[group-831]\" href=\"https:\/\/tradenauta.com\/hotelaeroporto\/wp-content\/uploads\/DSC_3780-1024x648.jpg\" class=\"eig-popup\" title=\"\" data-caption=\"\" target=\"_blank\"><i class=\"icon-view\"><\/i><span class=\"overlay\"><\/span><img width=\"150\" height=\"150\" src=\"https:\/\/tradenauta.com\/hotelaeroporto\/wp-content\/uploads\/DSC_3780-150x150.jpg\" class=\"attachment-thumbnail size-thumbnail\" alt=\"\" loading=\"lazy\" \/><\/a><\/li><li><a rel=\"prettyPhoto[group-831]\" href=\"https:\/\/tradenauta.com\/hotelaeroporto\/wp-content\/uploads\/DSC_2315-1024x683.jpg\" class=\"eig-popup\" title=\"\" data-caption=\"\" target=\"_blank\"><i class=\"icon-view\"><\/i><span class=\"overlay\"><\/span><img width=\"150\" height=\"150\" src=\"https:\/\/tradenauta.com\/hotelaeroporto\/wp-content\/uploads\/DSC_2315-150x150.jpg\" class=\"attachment-thumbnail size-thumbnail\" alt=\"\" loading=\"lazy\" \/><\/a><\/li><\/ul><\/p>\n<h4 style=\"text-align: center;\">Imagens do Porto<\/h4>\n<p style=\"text-align: center;\">\t                <ul class=\"easy-image-gallery thumbnails-24 linked\">\r\n                    <li><a rel=\"prettyPhoto[group-557]\" href=\"https:\/\/tradenauta.com\/hotelaeroporto\/wp-content\/uploads\/camara_municipal_porto.jpg\" class=\"eig-popup\" title=\"\" data-caption=\"\" target=\"_blank\"><i class=\"icon-view\"><\/i><span class=\"overlay\"><\/span><img width=\"150\" height=\"150\" src=\"https:\/\/tradenauta.com\/hotelaeroporto\/wp-content\/uploads\/camara_municipal_porto-150x150.jpg\" class=\"attachment-thumbnail size-thumbnail\" alt=\"\" loading=\"lazy\" \/><\/a><\/li><li><a rel=\"prettyPhoto[group-557]\" href=\"https:\/\/tradenauta.com\/hotelaeroporto\/wp-content\/uploads\/igreja_congregados-684x1024.jpg\" class=\"eig-popup\" title=\"\" data-caption=\"\" target=\"_blank\"><i class=\"icon-view\"><\/i><span class=\"overlay\"><\/span><img width=\"150\" height=\"150\" src=\"https:\/\/tradenauta.com\/hotelaeroporto\/wp-content\/uploads\/igreja_congregados-150x150.jpg\" class=\"attachment-thumbnail size-thumbnail\" alt=\"\" loading=\"lazy\" \/><\/a><\/li><li><a rel=\"prettyPhoto[group-557]\" href=\"https:\/\/tradenauta.com\/hotelaeroporto\/wp-content\/uploads\/sao_bento-1024x575.jpg\" class=\"eig-popup\" title=\"\" data-caption=\"\" target=\"_blank\"><i class=\"icon-view\"><\/i><span class=\"overlay\"><\/span><img width=\"150\" height=\"150\" src=\"https:\/\/tradenauta.com\/hotelaeroporto\/wp-content\/uploads\/sao_bento-150x150.jpg\" class=\"attachment-thumbnail size-thumbnail\" alt=\"\" loading=\"lazy\" \/><\/a><\/li><li><a rel=\"prettyPhoto[group-557]\" href=\"https:\/\/tradenauta.com\/hotelaeroporto\/wp-content\/uploads\/sao_bento_azulejos-1024x667.jpg\" class=\"eig-popup\" title=\"\" data-caption=\"\" target=\"_blank\"><i class=\"icon-view\"><\/i><span class=\"overlay\"><\/span><img width=\"150\" height=\"150\" src=\"https:\/\/tradenauta.com\/hotelaeroporto\/wp-content\/uploads\/sao_bento_azulejos-150x150.jpg\" class=\"attachment-thumbnail size-thumbnail\" alt=\"\" loading=\"lazy\" \/><\/a><\/li><li><a rel=\"prettyPhoto[group-557]\" href=\"https:\/\/tradenauta.com\/hotelaeroporto\/wp-content\/uploads\/ferreira_bor_ges-1024x768.jpg\" class=\"eig-popup\" title=\"\" data-caption=\"\" target=\"_blank\"><i class=\"icon-view\"><\/i><span class=\"overlay\"><\/span><img width=\"150\" height=\"150\" src=\"https:\/\/tradenauta.com\/hotelaeroporto\/wp-content\/uploads\/ferreira_bor_ges-150x150.jpg\" class=\"attachment-thumbnail size-thumbnail\" alt=\"\" loading=\"lazy\" \/><\/a><\/li><li><a rel=\"prettyPhoto[group-557]\" href=\"https:\/\/tradenauta.com\/hotelaeroporto\/wp-content\/uploads\/bol_sa.jpg\" class=\"eig-popup\" title=\"\" data-caption=\"\" target=\"_blank\"><i class=\"icon-view\"><\/i><span class=\"overlay\"><\/span><img width=\"150\" height=\"150\" src=\"https:\/\/tradenauta.com\/hotelaeroporto\/wp-content\/uploads\/bol_sa-150x150.jpg\" class=\"attachment-thumbnail size-thumbnail\" alt=\"\" loading=\"lazy\" \/><\/a><\/li><li><a rel=\"prettyPhoto[group-557]\" href=\"https:\/\/tradenauta.com\/hotelaeroporto\/wp-content\/uploads\/bolsa_salao_arabe-1024x684.jpg\" class=\"eig-popup\" title=\"\" data-caption=\"\" target=\"_blank\"><i class=\"icon-view\"><\/i><span class=\"overlay\"><\/span><img width=\"150\" height=\"150\" src=\"https:\/\/tradenauta.com\/hotelaeroporto\/wp-content\/uploads\/bolsa_salao_arabe-150x150.jpg\" class=\"attachment-thumbnail size-thumbnail\" alt=\"\" loading=\"lazy\" \/><\/a><\/li><li><a rel=\"prettyPhoto[group-557]\" href=\"https:\/\/tradenauta.com\/hotelaeroporto\/wp-content\/uploads\/rio-serpentear-ponte-arrabida-1.jpg\" class=\"eig-popup\" title=\"\" data-caption=\"\" target=\"_blank\"><i class=\"icon-view\"><\/i><span class=\"overlay\"><\/span><img width=\"150\" height=\"150\" src=\"https:\/\/tradenauta.com\/hotelaeroporto\/wp-content\/uploads\/rio-serpentear-ponte-arrabida-1-150x150.jpg\" class=\"attachment-thumbnail size-thumbnail\" alt=\"\" loading=\"lazy\" \/><\/a><\/li><li><a rel=\"prettyPhoto[group-557]\" href=\"https:\/\/tradenauta.com\/hotelaeroporto\/wp-content\/uploads\/ribeira-1024x683.jpg\" class=\"eig-popup\" title=\"\" data-caption=\"\" target=\"_blank\"><i class=\"icon-view\"><\/i><span class=\"overlay\"><\/span><img width=\"150\" height=\"150\" src=\"https:\/\/tradenauta.com\/hotelaeroporto\/wp-content\/uploads\/ribeira-150x150.jpg\" class=\"attachment-thumbnail size-thumbnail\" alt=\"\" loading=\"lazy\" \/><\/a><\/li><li><a rel=\"prettyPhoto[group-557]\" href=\"https:\/\/tradenauta.com\/hotelaeroporto\/wp-content\/uploads\/r_ibe_ir_a.jpg\" class=\"eig-popup\" title=\"\" data-caption=\"\" target=\"_blank\"><i class=\"icon-view\"><\/i><span class=\"overlay\"><\/span><img width=\"150\" height=\"150\" src=\"https:\/\/tradenauta.com\/hotelaeroporto\/wp-content\/uploads\/r_ibe_ir_a-150x150.jpg\" class=\"attachment-thumbnail size-thumbnail\" alt=\"\" loading=\"lazy\" \/><\/a><\/li><li><a rel=\"prettyPhoto[group-557]\" href=\"https:\/\/tradenauta.com\/hotelaeroporto\/wp-content\/uploads\/ponto_d_luis.jpg\" class=\"eig-popup\" title=\"\" data-caption=\"\" target=\"_blank\"><i class=\"icon-view\"><\/i><span class=\"overlay\"><\/span><img width=\"150\" height=\"150\" src=\"https:\/\/tradenauta.com\/hotelaeroporto\/wp-content\/uploads\/ponto_d_luis-150x150.jpg\" class=\"attachment-thumbnail size-thumbnail\" alt=\"\" loading=\"lazy\" \/><\/a><\/li><li><a rel=\"prettyPhoto[group-557]\" href=\"https:\/\/tradenauta.com\/hotelaeroporto\/wp-content\/uploads\/ponte-candeeiros.jpg\" class=\"eig-popup\" title=\"\" data-caption=\"\" target=\"_blank\"><i class=\"icon-view\"><\/i><span class=\"overlay\"><\/span><img width=\"150\" height=\"150\" src=\"https:\/\/tradenauta.com\/hotelaeroporto\/wp-content\/uploads\/ponte-candeeiros-150x150.jpg\" class=\"attachment-thumbnail size-thumbnail\" alt=\"\" loading=\"lazy\" \/><\/a><\/li><li><a rel=\"prettyPhoto[group-557]\" href=\"https:\/\/tradenauta.com\/hotelaeroporto\/wp-content\/uploads\/elec_tri_co-1-1024x681.jpg\" class=\"eig-popup\" title=\"\" data-caption=\"\" target=\"_blank\"><i class=\"icon-view\"><\/i><span class=\"overlay\"><\/span><img width=\"150\" height=\"150\" src=\"https:\/\/tradenauta.com\/hotelaeroporto\/wp-content\/uploads\/elec_tri_co-1-150x150.jpg\" class=\"attachment-thumbnail size-thumbnail\" alt=\"\" loading=\"lazy\" \/><\/a><\/li><li><a rel=\"prettyPhoto[group-557]\" href=\"https:\/\/tradenauta.com\/hotelaeroporto\/wp-content\/uploads\/desvio-ponte-arrabida-1024x584.jpg\" class=\"eig-popup\" title=\"\" data-caption=\"\" target=\"_blank\"><i class=\"icon-view\"><\/i><span class=\"overlay\"><\/span><img width=\"150\" height=\"150\" src=\"https:\/\/tradenauta.com\/hotelaeroporto\/wp-content\/uploads\/desvio-ponte-arrabida-150x150.jpg\" class=\"attachment-thumbnail size-thumbnail\" alt=\"\" loading=\"lazy\" \/><\/a><\/li><li><a rel=\"prettyPhoto[group-557]\" href=\"https:\/\/tradenauta.com\/hotelaeroporto\/wp-content\/uploads\/fo_z_dou_ro-1024x576.jpg\" class=\"eig-popup\" title=\"\" data-caption=\"\" target=\"_blank\"><i class=\"icon-view\"><\/i><span class=\"overlay\"><\/span><img width=\"150\" height=\"150\" src=\"https:\/\/tradenauta.com\/hotelaeroporto\/wp-content\/uploads\/fo_z_dou_ro-150x150.jpg\" class=\"attachment-thumbnail size-thumbnail\" alt=\"\" loading=\"lazy\" \/><\/a><\/li><li><a rel=\"prettyPhoto[group-557]\" href=\"https:\/\/tradenauta.com\/hotelaeroporto\/wp-content\/uploads\/f_oz.jpg\" class=\"eig-popup\" title=\"\" data-caption=\"\" target=\"_blank\"><i class=\"icon-view\"><\/i><span class=\"overlay\"><\/span><img width=\"150\" height=\"150\" src=\"https:\/\/tradenauta.com\/hotelaeroporto\/wp-content\/uploads\/f_oz-150x150.jpg\" class=\"attachment-thumbnail size-thumbnail\" alt=\"\" loading=\"lazy\" \/><\/a><\/li><li><a rel=\"prettyPhoto[group-557]\" href=\"https:\/\/tradenauta.com\/hotelaeroporto\/wp-content\/uploads\/cast_elo_queijo.jpg\" class=\"eig-popup\" title=\"\" data-caption=\"\" target=\"_blank\"><i class=\"icon-view\"><\/i><span class=\"overlay\"><\/span><img width=\"150\" height=\"150\" src=\"https:\/\/tradenauta.com\/hotelaeroporto\/wp-content\/uploads\/cast_elo_queijo-150x150.jpg\" class=\"attachment-thumbnail size-thumbnail\" alt=\"\" loading=\"lazy\" \/><\/a><\/li><li><a rel=\"prettyPhoto[group-557]\" href=\"https:\/\/tradenauta.com\/hotelaeroporto\/wp-content\/uploads\/se_rr_al_ves.jpg\" class=\"eig-popup\" title=\"\" data-caption=\"\" target=\"_blank\"><i class=\"icon-view\"><\/i><span class=\"overlay\"><\/span><img width=\"150\" height=\"150\" src=\"https:\/\/tradenauta.com\/hotelaeroporto\/wp-content\/uploads\/se_rr_al_ves-150x150.jpg\" class=\"attachment-thumbnail size-thumbnail\" alt=\"\" loading=\"lazy\" \/><\/a><\/li><li><a rel=\"prettyPhoto[group-557]\" href=\"https:\/\/tradenauta.com\/hotelaeroporto\/wp-content\/uploads\/ca_sa_mu_sic_a-1024x489.jpg\" class=\"eig-popup\" title=\"\" data-caption=\"\" target=\"_blank\"><i class=\"icon-view\"><\/i><span class=\"overlay\"><\/span><img width=\"150\" height=\"150\" src=\"https:\/\/tradenauta.com\/hotelaeroporto\/wp-content\/uploads\/ca_sa_mu_sic_a-150x150.jpg\" class=\"attachment-thumbnail size-thumbnail\" alt=\"\" loading=\"lazy\" \/><\/a><\/li><li><a rel=\"prettyPhoto[group-557]\" href=\"https:\/\/tradenauta.com\/hotelaeroporto\/wp-content\/uploads\/pav_rosa_mota.jpg\" class=\"eig-popup\" title=\"\" data-caption=\"\" target=\"_blank\"><i class=\"icon-view\"><\/i><span class=\"overlay\"><\/span><img width=\"150\" height=\"150\" src=\"https:\/\/tradenauta.com\/hotelaeroporto\/wp-content\/uploads\/pav_rosa_mota-150x150.jpg\" class=\"attachment-thumbnail size-thumbnail\" alt=\"\" loading=\"lazy\" \/><\/a><\/li><li><a rel=\"prettyPhoto[group-557]\" href=\"https:\/\/tradenauta.com\/hotelaeroporto\/wp-content\/uploads\/igreja_carmo-1024x768.jpg\" class=\"eig-popup\" title=\"\" data-caption=\"\" target=\"_blank\"><i class=\"icon-view\"><\/i><span class=\"overlay\"><\/span><img width=\"150\" height=\"150\" src=\"https:\/\/tradenauta.com\/hotelaeroporto\/wp-content\/uploads\/igreja_carmo-150x150.jpg\" class=\"attachment-thumbnail size-thumbnail\" alt=\"\" loading=\"lazy\" \/><\/a><\/li><li><a rel=\"prettyPhoto[group-557]\" href=\"https:\/\/tradenauta.com\/hotelaeroporto\/wp-content\/uploads\/cl_erig_os.jpg\" class=\"eig-popup\" title=\"\" data-caption=\"\" target=\"_blank\"><i class=\"icon-view\"><\/i><span class=\"overlay\"><\/span><img width=\"150\" height=\"150\" src=\"https:\/\/tradenauta.com\/hotelaeroporto\/wp-content\/uploads\/cl_erig_os-150x150.jpg\" class=\"attachment-thumbnail size-thumbnail\" alt=\"\" loading=\"lazy\" \/><\/a><\/li><li><a rel=\"prettyPhoto[group-557]\" href=\"https:\/\/tradenauta.com\/hotelaeroporto\/wp-content\/uploads\/teat_ro_s_Joao.jpg\" class=\"eig-popup\" title=\"\" data-caption=\"\" target=\"_blank\"><i class=\"icon-view\"><\/i><span class=\"overlay\"><\/span><img width=\"150\" height=\"150\" src=\"https:\/\/tradenauta.com\/hotelaeroporto\/wp-content\/uploads\/teat_ro_s_Joao-150x150.jpg\" class=\"attachment-thumbnail size-thumbnail\" alt=\"\" loading=\"lazy\" \/><\/a><\/li><li><a rel=\"prettyPhoto[group-557]\" href=\"https:\/\/tradenauta.com\/hotelaeroporto\/wp-content\/uploads\/cafe_magestic-1024x768.jpg\" class=\"eig-popup\" title=\"\" data-caption=\"\" target=\"_blank\"><i class=\"icon-view\"><\/i><span class=\"overlay\"><\/span><img width=\"150\" height=\"150\" src=\"https:\/\/tradenauta.com\/hotelaeroporto\/wp-content\/uploads\/cafe_magestic-150x150.jpg\" class=\"attachment-thumbnail size-thumbnail\" alt=\"\" loading=\"lazy\" \/><\/a><\/li><\/ul><\/p>\n","protected":false},"excerpt":{"rendered":"<p>Estas s\u00e3o Imagens das instala\u00e7\u00f5es do Hotel Aeroporto e de locais Tur\u00edsticos, a visitar, na cidade do Porto. Imagens do Hotel Aeroporto Imagens do Porto<\/p>\n","protected":false},"author":1,"featured_media":222,"parent":0,"menu_order":0,"comment_status":"closed","ping_status":"closed","template":"","meta":[],"_links":{"self":[{"href":"https:\/\/tradenauta.com\/hotelaeroporto\/wp-json\/wp\/v2\/pages\/58"}],"collection":[{"href":"https:\/\/tradenauta.com\/hotelaeroporto\/wp-json\/wp\/v2\/pages"}],"about":[{"href":"https:\/\/tradenauta.com\/hotelaeroporto\/wp-json\/wp\/v2\/types\/page"}],"author":[{"embeddable":true,"href":"https:\/\/tradenauta.com\/hotelaeroporto\/wp-json\/wp\/v2\/users\/1"}],"replies":[{"embeddable":true,"href":"https:\/\/tradenauta.com\/hotelaeroporto\/wp-json\/wp\/v2\/comments?post=58"}],"version-history":[{"count":7,"href":"https:\/\/tradenauta.com\/hotelaeroporto\/wp-json\/wp\/v2\/pages\/58\/revisions"}],"predecessor-version":[{"id":264,"href":"https:\/\/tradenauta.com\/hotelaeroporto\/wp-json\/wp\/v2\/pages\/58\/revisions\/264"}],"wp:featuredmedia":[{"embeddable":true,"href":"https:\/\/tradenauta.com\/hotelaeroporto\/wp-json\/wp\/v2\/media\/222"}],"wp:attachment":[{"href":"https:\/\/tradenauta.com\/hotelaeroporto\/wp-json\/wp\/v2\/media?parent=58"}],"curies":[{"name":"wp","href":"https:\/\/api.w.org\/{rel}","templated":true}]}}