{"id":63,"date":"2020-05-17T13:31:51","date_gmt":"2020-05-17T12:31:51","guid":{"rendered":"https:\/\/tradenauta.com\/hotelaeroporto\/?page_id=63"},"modified":"2020-08-04T13:33:24","modified_gmt":"2020-08-04T12:33:24","slug":"galerie","status":"publish","type":"page","link":"https:\/\/tradenauta.com\/hotelaeroporto\/fr\/galerie\/","title":{"rendered":"Galerie"},"content":{"rendered":"<p style=\"text-align: center;\">Ce sont des images des installations de l&#8217;h\u00f4tel Aeroporto et des lieux touristiques \u00e0 visiter dans la ville de Porto.<\/p>\n<h4 style=\"text-align: center;\">Images de l&#8217;h\u00f4tel Aeroporto<\/h4>\n<p style=\"text-align: center;\">\t                <ul class=\"easy-image-gallery thumbnails-29 linked\">\r\n                    <li><a rel=\"prettyPhoto[group-900]\" href=\"https:\/\/tradenauta.com\/hotelaeroporto\/wp-content\/uploads\/hotel_fachada_flores-3-1024x466.jpg\" class=\"eig-popup\" title=\"\" data-caption=\"\" target=\"_blank\"><i class=\"icon-view\"><\/i><span class=\"overlay\"><\/span><img width=\"150\" height=\"150\" src=\"https:\/\/tradenauta.com\/hotelaeroporto\/wp-content\/uploads\/hotel_fachada_flores-3-150x150.jpg\" class=\"attachment-thumbnail size-thumbnail\" alt=\"\" loading=\"lazy\" \/><\/a><\/li><li><a rel=\"prettyPhoto[group-900]\" href=\"https:\/\/tradenauta.com\/hotelaeroporto\/wp-content\/uploads\/DSC_2361-2-1024x617.jpg\" class=\"eig-popup\" title=\"\" data-caption=\"\" target=\"_blank\"><i class=\"icon-view\"><\/i><span class=\"overlay\"><\/span><img width=\"150\" height=\"150\" src=\"https:\/\/tradenauta.com\/hotelaeroporto\/wp-content\/uploads\/DSC_2361-2-150x150.jpg\" class=\"attachment-thumbnail size-thumbnail\" alt=\"\" loading=\"lazy\" \/><\/a><\/li><li><a rel=\"prettyPhoto[group-900]\" href=\"https:\/\/tradenauta.com\/hotelaeroporto\/wp-content\/uploads\/DSC_2313-2-1024x683.jpg\" class=\"eig-popup\" title=\"\" data-caption=\"\" target=\"_blank\"><i class=\"icon-view\"><\/i><span class=\"overlay\"><\/span><img width=\"150\" height=\"150\" src=\"https:\/\/tradenauta.com\/hotelaeroporto\/wp-content\/uploads\/DSC_2313-2-150x150.jpg\" class=\"attachment-thumbnail size-thumbnail\" alt=\"\" loading=\"lazy\" \/><\/a><\/li><li><a rel=\"prettyPhoto[group-900]\" href=\"https:\/\/tradenauta.com\/hotelaeroporto\/wp-content\/uploads\/DSC_3789-2-1024x674.jpg\" class=\"eig-popup\" title=\"\" data-caption=\"\" target=\"_blank\"><i class=\"icon-view\"><\/i><span class=\"overlay\"><\/span><img width=\"150\" height=\"150\" src=\"https:\/\/tradenauta.com\/hotelaeroporto\/wp-content\/uploads\/DSC_3789-2-150x150.jpg\" class=\"attachment-thumbnail size-thumbnail\" alt=\"\" loading=\"lazy\" \/><\/a><\/li><li><a rel=\"prettyPhoto[group-900]\" href=\"https:\/\/tradenauta.com\/hotelaeroporto\/wp-content\/uploads\/rampa-handicaped-3.jpg\" class=\"eig-popup\" title=\"\" data-caption=\"\" target=\"_blank\"><i class=\"icon-view\"><\/i><span class=\"overlay\"><\/span><img width=\"150\" height=\"150\" src=\"https:\/\/tradenauta.com\/hotelaeroporto\/wp-content\/uploads\/rampa-handicaped-3-150x150.jpg\" class=\"attachment-thumbnail size-thumbnail\" alt=\"\" loading=\"lazy\" \/><\/a><\/li><li><a rel=\"prettyPhoto[group-900]\" href=\"https:\/\/tradenauta.com\/hotelaeroporto\/wp-content\/uploads\/DSC_2350-2-1024x683.jpg\" class=\"eig-popup\" title=\"\" data-caption=\"\" target=\"_blank\"><i class=\"icon-view\"><\/i><span class=\"overlay\"><\/span><img width=\"150\" height=\"150\" src=\"https:\/\/tradenauta.com\/hotelaeroporto\/wp-content\/uploads\/DSC_2350-2-150x150.jpg\" class=\"attachment-thumbnail size-thumbnail\" alt=\"\" loading=\"lazy\" \/><\/a><\/li><li><a rel=\"prettyPhoto[group-900]\" href=\"https:\/\/tradenauta.com\/hotelaeroporto\/wp-content\/uploads\/DSC_2305-2-1024x683.jpg\" class=\"eig-popup\" title=\"\" data-caption=\"\" target=\"_blank\"><i class=\"icon-view\"><\/i><span class=\"overlay\"><\/span><img width=\"150\" height=\"150\" src=\"https:\/\/tradenauta.com\/hotelaeroporto\/wp-content\/uploads\/DSC_2305-2-150x150.jpg\" class=\"attachment-thumbnail size-thumbnail\" alt=\"\" loading=\"lazy\" \/><\/a><\/li><li><a rel=\"prettyPhoto[group-900]\" href=\"https:\/\/tradenauta.com\/hotelaeroporto\/wp-content\/uploads\/elevator-handicaped-2.jpg\" class=\"eig-popup\" title=\"\" data-caption=\"\" target=\"_blank\"><i class=\"icon-view\"><\/i><span class=\"overlay\"><\/span><img width=\"150\" height=\"150\" src=\"https:\/\/tradenauta.com\/hotelaeroporto\/wp-content\/uploads\/elevator-handicaped-2-150x150.jpg\" class=\"attachment-thumbnail size-thumbnail\" alt=\"\" loading=\"lazy\" \/><\/a><\/li><li><a rel=\"prettyPhoto[group-900]\" href=\"https:\/\/tradenauta.com\/hotelaeroporto\/wp-content\/uploads\/IMG_0811-2.jpg\" class=\"eig-popup\" title=\"\" data-caption=\"\" target=\"_blank\"><i class=\"icon-view\"><\/i><span class=\"overlay\"><\/span><img width=\"150\" height=\"150\" src=\"https:\/\/tradenauta.com\/hotelaeroporto\/wp-content\/uploads\/IMG_0811-2-150x150.jpg\" class=\"attachment-thumbnail size-thumbnail\" alt=\"\" loading=\"lazy\" \/><\/a><\/li><li><a rel=\"prettyPhoto[group-900]\" href=\"https:\/\/tradenauta.com\/hotelaeroporto\/wp-content\/uploads\/DSC_2335-2-1024x683.jpg\" class=\"eig-popup\" title=\"\" data-caption=\"\" target=\"_blank\"><i class=\"icon-view\"><\/i><span class=\"overlay\"><\/span><img width=\"150\" height=\"150\" src=\"https:\/\/tradenauta.com\/hotelaeroporto\/wp-content\/uploads\/DSC_2335-2-150x150.jpg\" class=\"attachment-thumbnail size-thumbnail\" alt=\"\" loading=\"lazy\" \/><\/a><\/li><li><a rel=\"prettyPhoto[group-900]\" href=\"https:\/\/tradenauta.com\/hotelaeroporto\/wp-content\/uploads\/DSC_2351-2-1024x902.jpg\" class=\"eig-popup\" title=\"\" data-caption=\"\" target=\"_blank\"><i class=\"icon-view\"><\/i><span class=\"overlay\"><\/span><img width=\"150\" height=\"150\" src=\"https:\/\/tradenauta.com\/hotelaeroporto\/wp-content\/uploads\/DSC_2351-2-150x150.jpg\" class=\"attachment-thumbnail size-thumbnail\" alt=\"\" loading=\"lazy\" \/><\/a><\/li><li><a rel=\"prettyPhoto[group-900]\" href=\"https:\/\/tradenauta.com\/hotelaeroporto\/wp-content\/uploads\/quarto-casal-2-1024x694.jpg\" class=\"eig-popup\" title=\"\" data-caption=\"\" target=\"_blank\"><i class=\"icon-view\"><\/i><span class=\"overlay\"><\/span><img width=\"150\" height=\"150\" src=\"https:\/\/tradenauta.com\/hotelaeroporto\/wp-content\/uploads\/quarto-casal-2-150x150.jpg\" class=\"attachment-thumbnail size-thumbnail\" alt=\"\" loading=\"lazy\" \/><\/a><\/li><li><a rel=\"prettyPhoto[group-900]\" href=\"https:\/\/tradenauta.com\/hotelaeroporto\/wp-content\/uploads\/DSC_2337-2-967x1024.jpg\" class=\"eig-popup\" title=\"\" data-caption=\"\" target=\"_blank\"><i class=\"icon-view\"><\/i><span class=\"overlay\"><\/span><img width=\"150\" height=\"150\" src=\"https:\/\/tradenauta.com\/hotelaeroporto\/wp-content\/uploads\/DSC_2337-2-150x150.jpg\" class=\"attachment-thumbnail size-thumbnail\" alt=\"\" loading=\"lazy\" \/><\/a><\/li><li><a rel=\"prettyPhoto[group-900]\" href=\"https:\/\/tradenauta.com\/hotelaeroporto\/wp-content\/uploads\/quarto-quadruplo-2-1024x694.jpg\" class=\"eig-popup\" title=\"\" data-caption=\"\" target=\"_blank\"><i class=\"icon-view\"><\/i><span class=\"overlay\"><\/span><img width=\"150\" height=\"150\" src=\"https:\/\/tradenauta.com\/hotelaeroporto\/wp-content\/uploads\/quarto-quadruplo-2-150x150.jpg\" class=\"attachment-thumbnail size-thumbnail\" alt=\"\" loading=\"lazy\" \/><\/a><\/li><li><a rel=\"prettyPhoto[group-900]\" href=\"https:\/\/tradenauta.com\/hotelaeroporto\/wp-content\/uploads\/quarto-individual-twin-2-1024x694.jpg\" class=\"eig-popup\" title=\"\" data-caption=\"\" target=\"_blank\"><i class=\"icon-view\"><\/i><span class=\"overlay\"><\/span><img width=\"150\" height=\"150\" src=\"https:\/\/tradenauta.com\/hotelaeroporto\/wp-content\/uploads\/quarto-individual-twin-2-150x150.jpg\" class=\"attachment-thumbnail size-thumbnail\" alt=\"\" loading=\"lazy\" \/><\/a><\/li><li><a rel=\"prettyPhoto[group-900]\" href=\"https:\/\/tradenauta.com\/hotelaeroporto\/wp-content\/uploads\/quarto-secretaria-armario-janelas-1024x694.jpg\" class=\"eig-popup\" title=\"\" data-caption=\"\" target=\"_blank\"><i class=\"icon-view\"><\/i><span class=\"overlay\"><\/span><img width=\"150\" height=\"150\" src=\"https:\/\/tradenauta.com\/hotelaeroporto\/wp-content\/uploads\/quarto-secretaria-armario-janelas-150x150.jpg\" class=\"attachment-thumbnail size-thumbnail\" alt=\"\" loading=\"lazy\" \/><\/a><\/li><li><a rel=\"prettyPhoto[group-900]\" href=\"https:\/\/tradenauta.com\/hotelaeroporto\/wp-content\/uploads\/quarto-triplo-2-1024x694.jpg\" class=\"eig-popup\" title=\"\" data-caption=\"\" target=\"_blank\"><i class=\"icon-view\"><\/i><span class=\"overlay\"><\/span><img width=\"150\" height=\"150\" src=\"https:\/\/tradenauta.com\/hotelaeroporto\/wp-content\/uploads\/quarto-triplo-2-150x150.jpg\" class=\"attachment-thumbnail size-thumbnail\" alt=\"\" loading=\"lazy\" \/><\/a><\/li><li><a rel=\"prettyPhoto[group-900]\" href=\"https:\/\/tradenauta.com\/hotelaeroporto\/wp-content\/uploads\/quarto-casal-2-3-1024x694.jpg\" class=\"eig-popup\" title=\"\" data-caption=\"\" target=\"_blank\"><i class=\"icon-view\"><\/i><span class=\"overlay\"><\/span><img width=\"150\" height=\"150\" src=\"https:\/\/tradenauta.com\/hotelaeroporto\/wp-content\/uploads\/quarto-casal-2-3-150x150.jpg\" class=\"attachment-thumbnail size-thumbnail\" alt=\"\" loading=\"lazy\" \/><\/a><\/li><li><a rel=\"prettyPhoto[group-900]\" href=\"https:\/\/tradenauta.com\/hotelaeroporto\/wp-content\/uploads\/quarto-espelho-wc-2-1024x694.jpg\" class=\"eig-popup\" title=\"\" data-caption=\"\" target=\"_blank\"><i class=\"icon-view\"><\/i><span class=\"overlay\"><\/span><img width=\"150\" height=\"150\" src=\"https:\/\/tradenauta.com\/hotelaeroporto\/wp-content\/uploads\/quarto-espelho-wc-2-150x150.jpg\" class=\"attachment-thumbnail size-thumbnail\" alt=\"\" loading=\"lazy\" \/><\/a><\/li><li><a rel=\"prettyPhoto[group-900]\" href=\"https:\/\/tradenauta.com\/hotelaeroporto\/wp-content\/uploads\/DSC_2342-2.jpg\" class=\"eig-popup\" title=\"\" data-caption=\"\" target=\"_blank\"><i class=\"icon-view\"><\/i><span class=\"overlay\"><\/span><img width=\"150\" height=\"150\" src=\"https:\/\/tradenauta.com\/hotelaeroporto\/wp-content\/uploads\/DSC_2342-2-150x150.jpg\" class=\"attachment-thumbnail size-thumbnail\" alt=\"\" loading=\"lazy\" \/><\/a><\/li><li><a rel=\"prettyPhoto[group-900]\" href=\"https:\/\/tradenauta.com\/hotelaeroporto\/wp-content\/uploads\/DSC_2330-2-684x1024.jpg\" class=\"eig-popup\" title=\"\" data-caption=\"\" target=\"_blank\"><i class=\"icon-view\"><\/i><span class=\"overlay\"><\/span><img width=\"150\" height=\"150\" src=\"https:\/\/tradenauta.com\/hotelaeroporto\/wp-content\/uploads\/DSC_2330-2-150x150.jpg\" class=\"attachment-thumbnail size-thumbnail\" alt=\"\" loading=\"lazy\" \/><\/a><\/li><li><a rel=\"prettyPhoto[group-900]\" href=\"https:\/\/tradenauta.com\/hotelaeroporto\/wp-content\/uploads\/DSC_2348-2-1024x683.jpg\" class=\"eig-popup\" title=\"\" data-caption=\"\" target=\"_blank\"><i class=\"icon-view\"><\/i><span class=\"overlay\"><\/span><img width=\"150\" height=\"150\" src=\"https:\/\/tradenauta.com\/hotelaeroporto\/wp-content\/uploads\/DSC_2348-2-150x150.jpg\" class=\"attachment-thumbnail size-thumbnail\" alt=\"\" loading=\"lazy\" \/><\/a><\/li><li><a rel=\"prettyPhoto[group-900]\" href=\"https:\/\/tradenauta.com\/hotelaeroporto\/wp-content\/uploads\/DSC_2309-2-1024x683.jpg\" class=\"eig-popup\" title=\"\" data-caption=\"\" target=\"_blank\"><i class=\"icon-view\"><\/i><span class=\"overlay\"><\/span><img width=\"150\" height=\"150\" src=\"https:\/\/tradenauta.com\/hotelaeroporto\/wp-content\/uploads\/DSC_2309-2-150x150.jpg\" class=\"attachment-thumbnail size-thumbnail\" alt=\"\" loading=\"lazy\" \/><\/a><\/li><li><a rel=\"prettyPhoto[group-900]\" href=\"https:\/\/tradenauta.com\/hotelaeroporto\/wp-content\/uploads\/pequeno-almoco-2-1024x480.jpg\" class=\"eig-popup\" title=\"\" data-caption=\"\" target=\"_blank\"><i class=\"icon-view\"><\/i><span class=\"overlay\"><\/span><img width=\"150\" height=\"150\" src=\"https:\/\/tradenauta.com\/hotelaeroporto\/wp-content\/uploads\/pequeno-almoco-2-150x150.jpg\" class=\"attachment-thumbnail size-thumbnail\" alt=\"\" loading=\"lazy\" \/><\/a><\/li><li><a rel=\"prettyPhoto[group-900]\" href=\"https:\/\/tradenauta.com\/hotelaeroporto\/wp-content\/uploads\/DSC_2311-2-1024x683.jpg\" class=\"eig-popup\" title=\"\" data-caption=\"\" target=\"_blank\"><i class=\"icon-view\"><\/i><span class=\"overlay\"><\/span><img width=\"150\" height=\"150\" src=\"https:\/\/tradenauta.com\/hotelaeroporto\/wp-content\/uploads\/DSC_2311-2-150x150.jpg\" class=\"attachment-thumbnail size-thumbnail\" alt=\"\" loading=\"lazy\" \/><\/a><\/li><li><a rel=\"prettyPhoto[group-900]\" href=\"https:\/\/tradenauta.com\/hotelaeroporto\/wp-content\/uploads\/IMG_0178-2-1024x768.jpg\" class=\"eig-popup\" title=\"\" data-caption=\"\" target=\"_blank\"><i class=\"icon-view\"><\/i><span class=\"overlay\"><\/span><img width=\"150\" height=\"150\" src=\"https:\/\/tradenauta.com\/hotelaeroporto\/wp-content\/uploads\/IMG_0178-2-150x150.jpg\" class=\"attachment-thumbnail size-thumbnail\" alt=\"\" loading=\"lazy\" \/><\/a><\/li><li><a rel=\"prettyPhoto[group-900]\" href=\"https:\/\/tradenauta.com\/hotelaeroporto\/wp-content\/uploads\/DSC_2390-2-1024x683.jpg\" class=\"eig-popup\" title=\"\" data-caption=\"\" target=\"_blank\"><i class=\"icon-view\"><\/i><span class=\"overlay\"><\/span><img width=\"150\" height=\"150\" src=\"https:\/\/tradenauta.com\/hotelaeroporto\/wp-content\/uploads\/DSC_2390-2-150x150.jpg\" class=\"attachment-thumbnail size-thumbnail\" alt=\"\" loading=\"lazy\" \/><\/a><\/li><li><a rel=\"prettyPhoto[group-900]\" href=\"https:\/\/tradenauta.com\/hotelaeroporto\/wp-content\/uploads\/DSC_3780-2-1024x648.jpg\" class=\"eig-popup\" title=\"\" data-caption=\"\" target=\"_blank\"><i class=\"icon-view\"><\/i><span class=\"overlay\"><\/span><img width=\"150\" height=\"150\" src=\"https:\/\/tradenauta.com\/hotelaeroporto\/wp-content\/uploads\/DSC_3780-2-150x150.jpg\" class=\"attachment-thumbnail size-thumbnail\" alt=\"\" loading=\"lazy\" \/><\/a><\/li><li><a rel=\"prettyPhoto[group-900]\" href=\"https:\/\/tradenauta.com\/hotelaeroporto\/wp-content\/uploads\/DSC_2315-2-1024x683.jpg\" class=\"eig-popup\" title=\"\" data-caption=\"\" target=\"_blank\"><i class=\"icon-view\"><\/i><span class=\"overlay\"><\/span><img width=\"150\" height=\"150\" src=\"https:\/\/tradenauta.com\/hotelaeroporto\/wp-content\/uploads\/DSC_2315-2-150x150.jpg\" class=\"attachment-thumbnail size-thumbnail\" alt=\"\" loading=\"lazy\" \/><\/a><\/li><\/ul><\/p>\n<h4 style=\"text-align: center;\">Images de Porto<\/h4>\n<p style=\"text-align: center;\">\t                <ul class=\"easy-image-gallery thumbnails-24 linked\">\r\n                    <li><a rel=\"prettyPhoto[group-977]\" href=\"https:\/\/tradenauta.com\/hotelaeroporto\/wp-content\/uploads\/camara_municipal_porto-2.jpg\" class=\"eig-popup\" title=\"\" data-caption=\"\" target=\"_blank\"><i class=\"icon-view\"><\/i><span class=\"overlay\"><\/span><img width=\"150\" height=\"150\" src=\"https:\/\/tradenauta.com\/hotelaeroporto\/wp-content\/uploads\/camara_municipal_porto-2-150x150.jpg\" class=\"attachment-thumbnail size-thumbnail\" alt=\"\" loading=\"lazy\" \/><\/a><\/li><li><a rel=\"prettyPhoto[group-977]\" href=\"https:\/\/tradenauta.com\/hotelaeroporto\/wp-content\/uploads\/igreja_congregados-2-684x1024.jpg\" class=\"eig-popup\" title=\"\" data-caption=\"\" target=\"_blank\"><i class=\"icon-view\"><\/i><span class=\"overlay\"><\/span><img width=\"150\" height=\"150\" src=\"https:\/\/tradenauta.com\/hotelaeroporto\/wp-content\/uploads\/igreja_congregados-2-150x150.jpg\" class=\"attachment-thumbnail size-thumbnail\" alt=\"\" loading=\"lazy\" \/><\/a><\/li><li><a rel=\"prettyPhoto[group-977]\" href=\"https:\/\/tradenauta.com\/hotelaeroporto\/wp-content\/uploads\/sao_bento-2-1024x575.jpg\" class=\"eig-popup\" title=\"\" data-caption=\"\" target=\"_blank\"><i class=\"icon-view\"><\/i><span class=\"overlay\"><\/span><img width=\"150\" height=\"150\" src=\"https:\/\/tradenauta.com\/hotelaeroporto\/wp-content\/uploads\/sao_bento-2-150x150.jpg\" class=\"attachment-thumbnail size-thumbnail\" alt=\"\" loading=\"lazy\" \/><\/a><\/li><li><a rel=\"prettyPhoto[group-977]\" href=\"https:\/\/tradenauta.com\/hotelaeroporto\/wp-content\/uploads\/sao_bento_azulejos-2-1024x667.jpg\" class=\"eig-popup\" title=\"\" data-caption=\"\" target=\"_blank\"><i class=\"icon-view\"><\/i><span class=\"overlay\"><\/span><img width=\"150\" height=\"150\" src=\"https:\/\/tradenauta.com\/hotelaeroporto\/wp-content\/uploads\/sao_bento_azulejos-2-150x150.jpg\" class=\"attachment-thumbnail size-thumbnail\" alt=\"\" loading=\"lazy\" \/><\/a><\/li><li><a rel=\"prettyPhoto[group-977]\" href=\"https:\/\/tradenauta.com\/hotelaeroporto\/wp-content\/uploads\/ferreira_bor_ges-2-1024x768.jpg\" class=\"eig-popup\" title=\"\" data-caption=\"\" target=\"_blank\"><i class=\"icon-view\"><\/i><span class=\"overlay\"><\/span><img width=\"150\" height=\"150\" src=\"https:\/\/tradenauta.com\/hotelaeroporto\/wp-content\/uploads\/ferreira_bor_ges-2-150x150.jpg\" class=\"attachment-thumbnail size-thumbnail\" alt=\"\" loading=\"lazy\" \/><\/a><\/li><li><a rel=\"prettyPhoto[group-977]\" href=\"https:\/\/tradenauta.com\/hotelaeroporto\/wp-content\/uploads\/bol_sa-2.jpg\" class=\"eig-popup\" title=\"\" data-caption=\"\" target=\"_blank\"><i class=\"icon-view\"><\/i><span class=\"overlay\"><\/span><img width=\"150\" height=\"150\" src=\"https:\/\/tradenauta.com\/hotelaeroporto\/wp-content\/uploads\/bol_sa-2-150x150.jpg\" class=\"attachment-thumbnail size-thumbnail\" alt=\"\" loading=\"lazy\" \/><\/a><\/li><li><a rel=\"prettyPhoto[group-977]\" href=\"https:\/\/tradenauta.com\/hotelaeroporto\/wp-content\/uploads\/bolsa_salao_arabe-2-1024x684.jpg\" class=\"eig-popup\" title=\"\" data-caption=\"\" target=\"_blank\"><i class=\"icon-view\"><\/i><span class=\"overlay\"><\/span><img width=\"150\" height=\"150\" src=\"https:\/\/tradenauta.com\/hotelaeroporto\/wp-content\/uploads\/bolsa_salao_arabe-2-150x150.jpg\" class=\"attachment-thumbnail size-thumbnail\" alt=\"\" loading=\"lazy\" \/><\/a><\/li><li><a rel=\"prettyPhoto[group-977]\" href=\"https:\/\/tradenauta.com\/hotelaeroporto\/wp-content\/uploads\/rio-serpentear-ponte-arrabida-2.jpg\" class=\"eig-popup\" title=\"\" data-caption=\"\" target=\"_blank\"><i class=\"icon-view\"><\/i><span class=\"overlay\"><\/span><img width=\"150\" height=\"150\" src=\"https:\/\/tradenauta.com\/hotelaeroporto\/wp-content\/uploads\/rio-serpentear-ponte-arrabida-2-150x150.jpg\" class=\"attachment-thumbnail size-thumbnail\" alt=\"\" loading=\"lazy\" \/><\/a><\/li><li><a rel=\"prettyPhoto[group-977]\" href=\"https:\/\/tradenauta.com\/hotelaeroporto\/wp-content\/uploads\/ribeira-2-1024x683.jpg\" class=\"eig-popup\" title=\"\" data-caption=\"\" target=\"_blank\"><i class=\"icon-view\"><\/i><span class=\"overlay\"><\/span><img width=\"150\" height=\"150\" src=\"https:\/\/tradenauta.com\/hotelaeroporto\/wp-content\/uploads\/ribeira-2-150x150.jpg\" class=\"attachment-thumbnail size-thumbnail\" alt=\"\" loading=\"lazy\" \/><\/a><\/li><li><a rel=\"prettyPhoto[group-977]\" href=\"https:\/\/tradenauta.com\/hotelaeroporto\/wp-content\/uploads\/r_ibe_ir_a-2.jpg\" class=\"eig-popup\" title=\"\" data-caption=\"\" target=\"_blank\"><i class=\"icon-view\"><\/i><span class=\"overlay\"><\/span><img width=\"150\" height=\"150\" src=\"https:\/\/tradenauta.com\/hotelaeroporto\/wp-content\/uploads\/r_ibe_ir_a-2-150x150.jpg\" class=\"attachment-thumbnail size-thumbnail\" alt=\"\" loading=\"lazy\" \/><\/a><\/li><li><a rel=\"prettyPhoto[group-977]\" href=\"https:\/\/tradenauta.com\/hotelaeroporto\/wp-content\/uploads\/ponto_d_luis-2.jpg\" class=\"eig-popup\" title=\"\" data-caption=\"\" target=\"_blank\"><i class=\"icon-view\"><\/i><span class=\"overlay\"><\/span><img width=\"150\" height=\"150\" src=\"https:\/\/tradenauta.com\/hotelaeroporto\/wp-content\/uploads\/ponto_d_luis-2-150x150.jpg\" class=\"attachment-thumbnail size-thumbnail\" alt=\"\" loading=\"lazy\" \/><\/a><\/li><li><a rel=\"prettyPhoto[group-977]\" href=\"https:\/\/tradenauta.com\/hotelaeroporto\/wp-content\/uploads\/ponte-candeeiros-2.jpg\" class=\"eig-popup\" title=\"\" data-caption=\"\" target=\"_blank\"><i class=\"icon-view\"><\/i><span class=\"overlay\"><\/span><img width=\"150\" height=\"150\" src=\"https:\/\/tradenauta.com\/hotelaeroporto\/wp-content\/uploads\/ponte-candeeiros-2-150x150.jpg\" class=\"attachment-thumbnail size-thumbnail\" alt=\"\" loading=\"lazy\" \/><\/a><\/li><li><a rel=\"prettyPhoto[group-977]\" href=\"https:\/\/tradenauta.com\/hotelaeroporto\/wp-content\/uploads\/elec_tri_co-1024x681.jpg\" class=\"eig-popup\" title=\"\" data-caption=\"\" target=\"_blank\"><i class=\"icon-view\"><\/i><span class=\"overlay\"><\/span><img width=\"150\" height=\"150\" src=\"https:\/\/tradenauta.com\/hotelaeroporto\/wp-content\/uploads\/elec_tri_co-150x150.jpg\" class=\"attachment-thumbnail size-thumbnail\" alt=\"\" loading=\"lazy\" \/><\/a><\/li><li><a rel=\"prettyPhoto[group-977]\" href=\"https:\/\/tradenauta.com\/hotelaeroporto\/wp-content\/uploads\/desvio-ponte-arrabida-2-1024x584.jpg\" class=\"eig-popup\" title=\"\" data-caption=\"\" target=\"_blank\"><i class=\"icon-view\"><\/i><span class=\"overlay\"><\/span><img width=\"150\" height=\"150\" src=\"https:\/\/tradenauta.com\/hotelaeroporto\/wp-content\/uploads\/desvio-ponte-arrabida-2-150x150.jpg\" class=\"attachment-thumbnail size-thumbnail\" alt=\"\" loading=\"lazy\" \/><\/a><\/li><li><a rel=\"prettyPhoto[group-977]\" href=\"https:\/\/tradenauta.com\/hotelaeroporto\/wp-content\/uploads\/fo_z_dou_ro-2-1024x576.jpg\" class=\"eig-popup\" title=\"\" data-caption=\"\" target=\"_blank\"><i class=\"icon-view\"><\/i><span class=\"overlay\"><\/span><img width=\"150\" height=\"150\" src=\"https:\/\/tradenauta.com\/hotelaeroporto\/wp-content\/uploads\/fo_z_dou_ro-2-150x150.jpg\" class=\"attachment-thumbnail size-thumbnail\" alt=\"\" loading=\"lazy\" \/><\/a><\/li><li><a rel=\"prettyPhoto[group-977]\" href=\"https:\/\/tradenauta.com\/hotelaeroporto\/wp-content\/uploads\/f_oz-2.jpg\" class=\"eig-popup\" title=\"\" data-caption=\"\" target=\"_blank\"><i class=\"icon-view\"><\/i><span class=\"overlay\"><\/span><img width=\"150\" height=\"150\" src=\"https:\/\/tradenauta.com\/hotelaeroporto\/wp-content\/uploads\/f_oz-2-150x150.jpg\" class=\"attachment-thumbnail size-thumbnail\" alt=\"\" loading=\"lazy\" \/><\/a><\/li><li><a rel=\"prettyPhoto[group-977]\" href=\"https:\/\/tradenauta.com\/hotelaeroporto\/wp-content\/uploads\/cast_elo_queijo-2.jpg\" class=\"eig-popup\" title=\"\" data-caption=\"\" target=\"_blank\"><i class=\"icon-view\"><\/i><span class=\"overlay\"><\/span><img width=\"150\" height=\"150\" src=\"https:\/\/tradenauta.com\/hotelaeroporto\/wp-content\/uploads\/cast_elo_queijo-2-150x150.jpg\" class=\"attachment-thumbnail size-thumbnail\" alt=\"\" loading=\"lazy\" \/><\/a><\/li><li><a rel=\"prettyPhoto[group-977]\" href=\"https:\/\/tradenauta.com\/hotelaeroporto\/wp-content\/uploads\/se_rr_al_ves-2.jpg\" class=\"eig-popup\" title=\"\" data-caption=\"\" target=\"_blank\"><i class=\"icon-view\"><\/i><span class=\"overlay\"><\/span><img width=\"150\" height=\"150\" src=\"https:\/\/tradenauta.com\/hotelaeroporto\/wp-content\/uploads\/se_rr_al_ves-2-150x150.jpg\" class=\"attachment-thumbnail size-thumbnail\" alt=\"\" loading=\"lazy\" \/><\/a><\/li><li><a rel=\"prettyPhoto[group-977]\" href=\"https:\/\/tradenauta.com\/hotelaeroporto\/wp-content\/uploads\/pav_rosa_mota-2.jpg\" class=\"eig-popup\" title=\"\" data-caption=\"\" target=\"_blank\"><i class=\"icon-view\"><\/i><span class=\"overlay\"><\/span><img width=\"150\" height=\"150\" src=\"https:\/\/tradenauta.com\/hotelaeroporto\/wp-content\/uploads\/pav_rosa_mota-2-150x150.jpg\" class=\"attachment-thumbnail size-thumbnail\" alt=\"\" loading=\"lazy\" \/><\/a><\/li><li><a rel=\"prettyPhoto[group-977]\" href=\"https:\/\/tradenauta.com\/hotelaeroporto\/wp-content\/uploads\/ca_sa_mu_sic_a-2-1024x489.jpg\" class=\"eig-popup\" title=\"\" data-caption=\"\" target=\"_blank\"><i class=\"icon-view\"><\/i><span class=\"overlay\"><\/span><img width=\"150\" height=\"150\" src=\"https:\/\/tradenauta.com\/hotelaeroporto\/wp-content\/uploads\/ca_sa_mu_sic_a-2-150x150.jpg\" class=\"attachment-thumbnail size-thumbnail\" alt=\"\" loading=\"lazy\" \/><\/a><\/li><li><a rel=\"prettyPhoto[group-977]\" href=\"https:\/\/tradenauta.com\/hotelaeroporto\/wp-content\/uploads\/igreja_carmo-2-1024x768.jpg\" class=\"eig-popup\" title=\"\" data-caption=\"\" target=\"_blank\"><i class=\"icon-view\"><\/i><span class=\"overlay\"><\/span><img width=\"150\" height=\"150\" src=\"https:\/\/tradenauta.com\/hotelaeroporto\/wp-content\/uploads\/igreja_carmo-2-150x150.jpg\" class=\"attachment-thumbnail size-thumbnail\" alt=\"\" loading=\"lazy\" \/><\/a><\/li><li><a rel=\"prettyPhoto[group-977]\" href=\"https:\/\/tradenauta.com\/hotelaeroporto\/wp-content\/uploads\/cl_erig_os-2.jpg\" class=\"eig-popup\" title=\"\" data-caption=\"\" target=\"_blank\"><i class=\"icon-view\"><\/i><span class=\"overlay\"><\/span><img width=\"150\" height=\"150\" src=\"https:\/\/tradenauta.com\/hotelaeroporto\/wp-content\/uploads\/cl_erig_os-2-150x150.jpg\" class=\"attachment-thumbnail size-thumbnail\" alt=\"\" loading=\"lazy\" \/><\/a><\/li><li><a rel=\"prettyPhoto[group-977]\" href=\"https:\/\/tradenauta.com\/hotelaeroporto\/wp-content\/uploads\/teat_ro_s_Joao-2.jpg\" class=\"eig-popup\" title=\"\" data-caption=\"\" target=\"_blank\"><i class=\"icon-view\"><\/i><span class=\"overlay\"><\/span><img width=\"150\" height=\"150\" src=\"https:\/\/tradenauta.com\/hotelaeroporto\/wp-content\/uploads\/teat_ro_s_Joao-2-150x150.jpg\" class=\"attachment-thumbnail size-thumbnail\" alt=\"\" loading=\"lazy\" \/><\/a><\/li><li><a rel=\"prettyPhoto[group-977]\" href=\"https:\/\/tradenauta.com\/hotelaeroporto\/wp-content\/uploads\/cafe_magestic-2-1024x768.jpg\" class=\"eig-popup\" title=\"\" data-caption=\"\" target=\"_blank\"><i class=\"icon-view\"><\/i><span class=\"overlay\"><\/span><img width=\"150\" height=\"150\" src=\"https:\/\/tradenauta.com\/hotelaeroporto\/wp-content\/uploads\/cafe_magestic-2-150x150.jpg\" class=\"attachment-thumbnail size-thumbnail\" alt=\"\" loading=\"lazy\" \/><\/a><\/li><\/ul><\/p>\n","protected":false},"excerpt":{"rendered":"<p>Ce sont des images des installations de l&#8217;h\u00f4tel Aeroporto et des lieux touristiques \u00e0 visiter dans la ville de Porto. Images de l&#8217;h\u00f4tel Aeroporto Images de Porto<\/p>\n","protected":false},"author":1,"featured_media":222,"parent":0,"menu_order":0,"comment_status":"closed","ping_status":"closed","template":"","meta":[],"_links":{"self":[{"href":"https:\/\/tradenauta.com\/hotelaeroporto\/wp-json\/wp\/v2\/pages\/63"}],"collection":[{"href":"https:\/\/tradenauta.com\/hotelaeroporto\/wp-json\/wp\/v2\/pages"}],"about":[{"href":"https:\/\/tradenauta.com\/hotelaeroporto\/wp-json\/wp\/v2\/types\/page"}],"author":[{"embeddable":true,"href":"https:\/\/tradenauta.com\/hotelaeroporto\/wp-json\/wp\/v2\/users\/1"}],"replies":[{"embeddable":true,"href":"https:\/\/tradenauta.com\/hotelaeroporto\/wp-json\/wp\/v2\/comments?post=63"}],"version-history":[{"count":3,"href":"https:\/\/tradenauta.com\/hotelaeroporto\/wp-json\/wp\/v2\/pages\/63\/revisions"}],"predecessor-version":[{"id":373,"href":"https:\/\/tradenauta.com\/hotelaeroporto\/wp-json\/wp\/v2\/pages\/63\/revisions\/373"}],"wp:featuredmedia":[{"embeddable":true,"href":"https:\/\/tradenauta.com\/hotelaeroporto\/wp-json\/wp\/v2\/media\/222"}],"wp:attachment":[{"href":"https:\/\/tradenauta.com\/hotelaeroporto\/wp-json\/wp\/v2\/media?parent=63"}],"curies":[{"name":"wp","href":"https:\/\/api.w.org\/{rel}","templated":true}]}}