{"id":93,"date":"2020-06-17T20:05:17","date_gmt":"2020-06-17T19:05:17","guid":{"rendered":"https:\/\/tradenauta.com\/hotelaeroporto\/?page_id=93"},"modified":"2020-08-04T15:48:15","modified_gmt":"2020-08-04T14:48:15","slug":"comodidades","status":"publish","type":"page","link":"https:\/\/tradenauta.com\/hotelaeroporto\/comodidades\/","title":{"rendered":"Comodidades"},"content":{"rendered":"<p>Quer se desloque em lazer ou em trabalho, dispomos de um conjunto completo de servi\u00e7os para que tornar\u00e3o a sua estadia agrad\u00e1vel e proveitosa. O nosso pessoal \u00e9 af\u00e1vel, atencioso e profissional, sempre pronto a ajudar em tudo o que necessitar para que n\u00e3o lhe falte nada e se sinta realmente em casa.<\/p>\n<p>Dispomos de Limpeza de quartos, Lavandaria, Reservas de Rent-a-car, Despertar, Cofre de valores, Estacionamento de viaturas, Internet Gr\u00e1tis, Wi-Fi Gratuito em todo o hotel, Aquecimento com Ar Condicionado, Secador dispon\u00edvel e M\u00e1quina de limpar cal\u00e7ado.<\/p>\n<p>&nbsp;<\/p>\n<h3>Bar<\/h3>\n<p><img loading=\"lazy\" class=\"alignnone size-full wp-image-105\" src=\"https:\/\/tradenauta.com\/hotelaeroporto\/wp-content\/uploads\/rececionista.jpg\" alt=\"\" width=\"1250\" height=\"868\" srcset=\"https:\/\/tradenauta.com\/hotelaeroporto\/wp-content\/uploads\/rececionista.jpg 1250w, https:\/\/tradenauta.com\/hotelaeroporto\/wp-content\/uploads\/rececionista-300x208.jpg 300w, https:\/\/tradenauta.com\/hotelaeroporto\/wp-content\/uploads\/rececionista-1024x711.jpg 1024w, https:\/\/tradenauta.com\/hotelaeroporto\/wp-content\/uploads\/rececionista-768x533.jpg 768w\" sizes=\"(max-width: 1250px) 100vw, 1250px\" \/><\/p>\n<p>O servi\u00e7o de bar est\u00e1 dispon\u00edvel 24 horas por dia durante todo o ano.<br \/>\nEste \u00e9 o ponto de encontro para uma bebida informal \u00e0 chegada, num ambiente descontra\u00eddo. Nos dias de jogos importantes \u00e9 poss\u00edvel ver a SportTV-1 SportTV-2 no grande LCD do \u00e1trio. Tamb\u00e9m aqui, \u00e0 semelhan\u00e7a de todo o nosso espa\u00e7o, possui Internet gratuita via Wireless.<\/p>\n<p>&nbsp;<\/p>\n<h3>Buffet<\/h3>\n<p><img loading=\"lazy\" class=\"alignnone size-full wp-image-190\" src=\"https:\/\/tradenauta.com\/hotelaeroporto\/wp-content\/uploads\/pequeno-almoco.jpg\" alt=\"\" width=\"1280\" height=\"600\" srcset=\"https:\/\/tradenauta.com\/hotelaeroporto\/wp-content\/uploads\/pequeno-almoco.jpg 1280w, https:\/\/tradenauta.com\/hotelaeroporto\/wp-content\/uploads\/pequeno-almoco-300x141.jpg 300w, https:\/\/tradenauta.com\/hotelaeroporto\/wp-content\/uploads\/pequeno-almoco-1024x480.jpg 1024w, https:\/\/tradenauta.com\/hotelaeroporto\/wp-content\/uploads\/pequeno-almoco-768x360.jpg 768w\" sizes=\"(max-width: 1280px) 100vw, 1280px\" \/><\/p>\n<p>O Pequeno-almo\u00e7o \u00e9 apresentado em hor\u00e1rio alargado, sempre das 5h00 \u00e0s 10h30.<br \/>\n\u00c9 composto por:<br \/>\n* Sumo de laranja<br \/>\n* P\u00e3o e croissants frescos<br \/>\n* Manteiga<br \/>\n* Fiambre<br \/>\n* Queijos<br \/>\n* Compotas<br \/>\n* Marmelada<br \/>\n* Flocos naturais e integrais, acompanhados com: caf\u00e9 de qualidade, caf\u00e9 com leite, leite quente ou frio, cappuccino tipo italiano, chocolate quente, ch\u00e1s variados, \u00e1gua mineral.<\/p>\n<p>Pode tamb\u00e9m usufruir de uma sala de reuni\u00f5es onde poder\u00e1 trabalhar com toda a privacidade que deseja, a um pre\u00e7o bastante competitivo.<\/p>\n","protected":false},"excerpt":{"rendered":"<p>Quer se desloque em lazer ou em trabalho, dispomos de um conjunto completo de servi\u00e7os para que tornar\u00e3o a sua estadia agrad\u00e1vel e proveitosa. O nosso pessoal \u00e9 af\u00e1vel, atencioso e profissional, sempre pronto a ajudar em tudo o que necessitar para que n\u00e3o lhe falte nada e se sinta realmente em casa. Dispomos de &hellip; <a href=\"https:\/\/tradenauta.com\/hotelaeroporto\/comodidades\/\" class=\"more-link\">Continuar a ler<span class=\"screen-reader-text\">Comodidades<\/span> <span class=\"meta-nav\">&rarr;<\/span><\/a><\/p>\n","protected":false},"author":1,"featured_media":90,"parent":0,"menu_order":0,"comment_status":"closed","ping_status":"closed","template":"","meta":[],"_links":{"self":[{"href":"https:\/\/tradenauta.com\/hotelaeroporto\/wp-json\/wp\/v2\/pages\/93"}],"collection":[{"href":"https:\/\/tradenauta.com\/hotelaeroporto\/wp-json\/wp\/v2\/pages"}],"about":[{"href":"https:\/\/tradenauta.com\/hotelaeroporto\/wp-json\/wp\/v2\/types\/page"}],"author":[{"embeddable":true,"href":"https:\/\/tradenauta.com\/hotelaeroporto\/wp-json\/wp\/v2\/users\/1"}],"replies":[{"embeddable":true,"href":"https:\/\/tradenauta.com\/hotelaeroporto\/wp-json\/wp\/v2\/comments?post=93"}],"version-history":[{"count":20,"href":"https:\/\/tradenauta.com\/hotelaeroporto\/wp-json\/wp\/v2\/pages\/93\/revisions"}],"predecessor-version":[{"id":95,"href":"https:\/\/tradenauta.com\/hotelaeroporto\/wp-json\/wp\/v2\/pages\/93\/revisions\/95"}],"wp:featuredmedia":[{"embeddable":true,"href":"https:\/\/tradenauta.com\/hotelaeroporto\/wp-json\/wp\/v2\/media\/90"}],"wp:attachment":[{"href":"https:\/\/tradenauta.com\/hotelaeroporto\/wp-json\/wp\/v2\/media?parent=93"}],"curies":[{"name":"wp","href":"https:\/\/api.w.org\/{rel}","templated":true}]}}